{"batchcomplete":"","continue":{"lecontinue":"20250924180017|1405","continue":"-||"},"query":{"logevents":[{"logid":1415,"ns":0,"title":"Sternensee/\u00c4therschiffe","pageid":416,"logpage":416,"revid":1708,"params":{},"type":"create","action":"create","user":"Utso","timestamp":"2026-04-25T17:00:55Z","comment":"Die Seite wurde neu angelegt: \u201e'''\u00c4therschiffe''', historisch und umgangssprachlich auch '''Raumschiffe''' genannt, sind schiffs\u00e4hnliche Gef\u00e4hrte, die jedoch darauf ausgelegt sind, die Atmosph\u00e4re und Gravitation eines Planeten zu verlassen und auf dem [[Sternensee]] selbst zu reisen.  == Herausforderungen == W\u00e4hrend die Fortbewegung im offenen Sternensee schwimmend auf fl\u00fcssigem [[../\u00c4ther|\u00c4ther]] erfolgt, ist es generell nur im Hochgeschwindigkeitsflug m\u00f6glich, der Atmosph\u00e4r\u2026\u201c"},{"logid":1414,"ns":0,"title":"Yggdrasil/Midgard","pageid":415,"logpage":415,"revid":1697,"params":{},"type":"create","action":"create","user":"Utso","timestamp":"2026-02-14T14:19:48Z","comment":"Die Seite wurde neu angelegt: \u201eDer [[Kosmos]] '''Midgard''' ist eine der zum [[Multikosmos]] [[Yggdrasil]] geh\u00f6renden Imagin\u00e4rwelten. Er gestaltet sich als runde, wahrscheinlich flache Erde um den Stamm des [[../Weltenbaum|Weltenbaum]]es, die wiederum in die von [[../Mensch|Mensch]]en bev\u00f6lkerten Gebiete Midgards und die von den riesigen [[../J\u00f6tun]] bev\u00f6lkerten Gebiete J\u00f6tunheims geteilt ist.  == Midgard ==  == J\u00f6tunheim ==\u201c"},{"logid":1413,"ns":0,"title":"Yggdrasil/Weltenbaum","pageid":414,"logpage":414,"revid":1695,"params":{},"type":"create","action":"create","user":"Utso","timestamp":"2026-02-07T14:38:24Z","comment":"Die Seite wurde neu angelegt: \u201eDer '''Weltenbaum Yggdrasil''' ist eine zentrale, geteilte, und verbindende Superstruktur der [[Imagin\u00e4rwelt]]en des [[Yggdrasil|gleichnamigen Multikosmos]]. Es handelt sich um eine massive baumf\u00f6rmige Konstruktion, die durch eine komplexe Kombination von [[Materie 1. Ordnung|Materie 1.]], [[Materie 2. Ordnung|2.]], und [[Materie 3. Ordnung|3. Ordnung]] sowohl Eigenschaften eines gew\u00f6hnlichen Baumes als auch \u00fcbernat\u00fcrliche Stabilit\u00e4t als auch beding\u2026\u201c"},{"logid":1412,"ns":0,"title":"Phillippe Arouet","pageid":413,"logpage":371,"revid":1691,"params":{"target_ns":0,"target_title":"Philippe Arouet"},"type":"move","action":"move","user":"Utso","timestamp":"2026-02-06T22:27:35Z","comment":"Falsch geschriebener Name"},{"logid":1411,"ns":0,"title":"Chrysopoeia","pageid":412,"logpage":412,"revid":1684,"params":{},"type":"create","action":"create","user":"Utso","timestamp":"2026-01-13T23:40:56Z","comment":"Die Seite wurde neu angelegt: \u201e'''Chrysopoeia''', die Herstellung von Gold, ist sowohl im materiellen als auch im spirituellen Sinne ein klassisches Ziel der [[Alchemie]]. Auf materieller Ebene wurde dieses auch tats\u00e4chlich durch Einsatz von [[Magie]] bereits im fr\u00fchen 20. Jahrhundert in begrenztem Ausma\u00df erreicht, im 21. Jahrhundert sogar mit rein naturwissenschaftlichen Methoden.  == Geschichte == Mit der k\u00fcnstlichen Herstellung von Gold, in der Regel auf Basis unedler Metalle wi\u2026\u201c"},{"logid":1410,"ns":0,"title":"Zamir Kashani","pageid":411,"logpage":411,"revid":1624,"params":{},"type":"create","action":"create","user":"Utso","timestamp":"2025-10-01T18:56:01Z","comment":"Die Seite wurde neu angelegt: \u201e'''Zamir Kashani''' (\u0632\u064e\u0645\u064a\u0631 \u0643\u0627\u0634\u0627\u0646\u064a) (* 4. September 1936) ist ein wohlhabendes Mitglied der [[Magische Gesellschaft|Magischen Gesellschaft]] und vertritt die [[Philanthropische Fraktion]] als einer ihrer gr\u00f6\u00dften Sponsoren im obersten Rat. Sein Reichtum ist einerseits ererbt, andererseits durch langj\u00e4hrigen Betrieb von lukrativem Rohstoffabbau in [[Imagin\u00e4rwelt|Imagin\u00e4rwelten]] stetig gemehrt.\u201c"},{"logid":1409,"ns":0,"title":"Erhabene Gesellschaft der Magie und Imagin\u00e4rwelten/Mitglieder/Familie Khan","pageid":0,"logpage":410,"revid":1621,"params":{"target_ns":0,"target_title":"Erhabene Gesellschaft der Magie und Imagin\u00e4rwelten/Mitglieder/Familie Kashani","suppressredirect":""},"type":"move","action":"move","user":"Utso","timestamp":"2025-10-01T17:31:52Z","comment":""},{"logid":1408,"ns":0,"title":"Erhabene Gesellschaft der Magie und Imagin\u00e4rwelten/Mitglieder/Familie Khan","pageid":0,"logpage":410,"revid":1618,"params":{},"type":"create","action":"create","user":"Utso","timestamp":"2025-09-27T09:34:45Z","comment":"Die Seite wurde neu angelegt: \u201e{{chart top|Stammbaum der Familie Khan}} {{chart/start|align=center|summary=Familie Khan}} {{chart| | |PlaHa|y|PlaHa| | | |PlaHa=(...)|boxstyle=background-color: lightpink;}} {{chart| | | | | |!| | | |}} {{chart|PlaHa|y|Hosyn| | | | |PlaHa=(...)|Hosyn=[[Hoseyn Kahn]]}} {{chart| | | |!| | | | | |}} {{chart| | |Zamir| | | | |Zamir=[[Zamir Kahn]]}} {{chart| | | |!| | | | | |}} {{chart| | |PlaHa| | | | |PlaHa=(...)}} {{chart/end}} {{chart bottom}}  Die Famili\u2026\u201c"},{"logid":1407,"ns":0,"title":"Rasim Otis","pageid":409,"logpage":409,"revid":1614,"params":{},"type":"create","action":"create","user":"Utso","timestamp":"2025-09-24T20:22:58Z","comment":"Die Seite wurde neu angelegt: \u201e'''Rasim Otis''' (* 13. M\u00e4rz 1956) ist ein [[Entdecker]] der [[Magische Gesellschaft|Magischen Gesellschaft]] und vertritt die [[Forschungsinitiative Imagin\u00e4rwelten]] im obersten Rat.\u201c"},{"logid":1406,"ns":0,"title":"Erhabene Gesellschaft der Magie und Imagin\u00e4rwelten/Mitglieder/Familie Otis","pageid":408,"logpage":408,"revid":1611,"params":{},"type":"create","action":"create","user":"Utso","timestamp":"2025-09-24T19:49:47Z","comment":"Die Seite wurde neu angelegt: \u201e{{chart top|Stammbaum der Familie Otis}} {{chart/start|align=center|summary=Familie Otis}} {{chart|PlaHo|y|PlaHo| |PlaHa|y|PlaHa|PlaHa=(...)|PlaHo=(...)|boxstyle_PlaHa=background-color:lightpink;}} {{chart| | | |)|-|-|-|.| | | |!| | | |}} {{chart| | |PlaHa| |PlaHa|y|Ralph| | |Ralph=[[Ralph Otis ]]|PlaHa=(...)}} {{chart| | | | | | | | | |!| | | | | |}} {{chart| | | | |PlaHa|y|Rasim| | | | |Rasim=[[Rasim Otis]]|PlaHa=(...)}} {{chart| | | | | | | |!| | | | |\u2026\u201c"}]}}

Sternensee/Ätherschiffe

Die Seite wurde neu angelegt: „'''Ätherschiffe''', historisch und umgangssprachlich auch '''Raumschiffe''' genannt, sind schiffsähnliche Gefährte, die jedoch darauf ausgelegt sind, die Atmosphäre und Gravitation eines Planeten zu verlassen und auf dem [[Sternensee]] selbst zu reisen.  == Herausforderungen == Während die Fortbewegung im offenen Sternensee schwimmend auf flüssigem [[../Äther|Äther]] erfolgt, ist es generell nur im Hochgeschwindigkeitsflug möglich, der Atmosphär…“

Die Seite wurde neu angelegt: „Der [[Kosmos]] '''Midgard''' ist eine der zum [[Multikosmos]] [[Yggdrasil]] gehörenden Imaginärwelten. Er gestaltet sich als runde, wahrscheinlich flache Erde um den Stamm des [[../Weltenbaum|Weltenbaum]]es, die wiederum in die von [[../Mensch|Mensch]]en bevölkerten Gebiete Midgards und die von den riesigen [[../Jötun]] bevölkerten Gebiete Jötunheims geteilt ist.  == Midgard ==  == Jötunheim ==“

Die Seite wurde neu angelegt: „Der '''Weltenbaum Yggdrasil''' ist eine zentrale, geteilte, und verbindende Superstruktur der [[Imaginärwelt]]en des [[Yggdrasil|gleichnamigen Multikosmos]]. Es handelt sich um eine massive baumförmige Konstruktion, die durch eine komplexe Kombination von [[Materie 1. Ordnung|Materie 1.]], [[Materie 2. Ordnung|2.]], und [[Materie 3. Ordnung|3. Ordnung]] sowohl Eigenschaften eines gewöhnlichen Baumes als auch übernatürliche Stabilität als auch beding…“

Die Seite wurde neu angelegt: „'''Chrysopoeia''', die Herstellung von Gold, ist sowohl im materiellen als auch im spirituellen Sinne ein klassisches Ziel der [[Alchemie]]. Auf materieller Ebene wurde dieses auch tatsächlich durch Einsatz von [[Magie]] bereits im frühen 20. Jahrhundert in begrenztem Ausmaß erreicht, im 21. Jahrhundert sogar mit rein naturwissenschaftlichen Methoden.  == Geschichte == Mit der künstlichen Herstellung von Gold, in der Regel auf Basis unedler Metalle wi…“

Die Seite wurde neu angelegt: „'''Zamir Kashani''' (زَمير كاشاني) (* 4. September 1936) ist ein wohlhabendes Mitglied der [[Magische Gesellschaft|Magischen Gesellschaft]] und vertritt die [[Philanthropische Fraktion]] als einer ihrer größten Sponsoren im obersten Rat. Sein Reichtum ist einerseits ererbt, andererseits durch langjährigen Betrieb von lukrativem Rohstoffabbau in [[Imaginärwelt|Imaginärwelten]] stetig gemehrt.“

Erhabene Gesellschaft der Magie und Imaginärwelten/Mitglieder/Familie Khan

Erhabene Gesellschaft der Magie und Imaginärwelten/Mitglieder/Familie Kashani

Die Seite wurde neu angelegt: „'''Rasim Otis''' (* 13. März 1956) ist ein [[Entdecker]] der [[Magische Gesellschaft|Magischen Gesellschaft]] und vertritt die [[Forschungsinitiative Imaginärwelten]] im obersten Rat.“

Erhabene Gesellschaft der Magie und Imaginärwelten/Mitglieder/Familie Otis
